hat are the prime factors of u?
3
Suppose 13*m = 11*m + 12. Let y(x) = 14*x + 5. List the prime factors of y(m).
89
Let w(g) = -119*g + 26. What are the prime factors of w(-4)?
2, 251
Suppose -28*a - 3146 = -50*a. List the prime factors of a.
11, 13
Let g(q) be the third derivative of 11*q**5/60 - q**4/12 + q**3/6 + 5*q**2. Let y be g(1). Let k = y + -3. What are the prime factors of k?
7
Let a be 6/(-2) + 3 + 118. Suppose a = 2*g - 28. List the prime factors of g.
73
Let z(y) = 7*y**2 - 37*y + 212. List the prime factors of z(16).
2, 353
Let x = -198 - -339. List the prime factors of x.
3, 47
Let x(v) = -v**3 + 3*v**2 + 2. Let s be x(3). Suppose -s*k = 4*k. Suppose 3*n + 0*n - 87 = k. List the prime factors of n.
29
Let q = 150 - 52. List the prime factors of q.
2, 7
Let n = -1453 - -2109. What are the prime factors of n?
2, 41
Let n(k) = -k + 1. Let m be n(-2). Suppose -m*a + 54 = g - 3*g, g + 2*a = -20. Let u = 9 - g. List the prime factors of u.
3, 11
Suppose -4*t = 4 - 48. Suppose 3*l + 63 = m, -6*m - 3*l = -3*m - 249. Let c = m - t. List the prime factors of c.
67
Let u = 1943 + -1348. List the prime factors of u.
5, 7, 17
Let i = -17 - -20. Let p(a) = -a**i + 6*a**2 + 1 + 1 + 2*a + 3 + a. List the prime factors of p(6).
23
What are the prime factors of (-104)/10*(9350/10)/(-11)?
2, 13, 17
Suppose -2*m - 2*d - 23 = 3*d, 4*m - 4*d + 116 = 0. Let f = m - -89. List the prime factors of f.
5, 13
Let q(p) = -4*p**2 - 2*p + 2. Let d(o) = 5*o**2 + 3*o - 3. Let v(s) = -4*d(s) - 6*q(s). Let t be 6/9 + 5/(-3). What are the prime factors of v(t)?
2
Suppose -5*h = 4*n - 14, 4*h = 3*h + 3*n - 1. Let i(w) = h - 2*w**2 - 3 + w**2 + w**3 + 0*w**3. List the prime factors of i(2).
3
Suppose 1746 + 890 = 4*d. What are the prime factors of d?
659
Let l(x) = -3 - x + x + 2*x - 4. Let k be l(5). Let n(d) = 9*d - 7. What are the prime factors of n(k)?
2, 5
Suppose 638 = o - 5*n, 879 = 3*o - n - 1035. List the prime factors of o.
2, 11, 29
Suppose 6*k - 24 = -0. Suppose 0 = k*j - 373 - 687. List the prime factors of j.
5, 53
List the prime factors of (-1)/((180/31224)/(-15)).
2, 1301
Let n(l) = 13*l + 2. Let q(x) = 2*x - 3 - 4 + 4. Let r be q(2). What are the prime factors of n(r)?
3, 5
Suppose 2*k + 2*j = -2*k + 26, 17 = 3*k - j. Suppose g = k*g + 30. List the prime factors of (0 + (-3)/2)*g.
3
Let n be 39/(-15) + (-6)/15. Let h = 0 - n. List the prime factors of (-3 + h - -1) + 28.
29
Suppose 6*h - 11*w = 7*h - 1070, 3*h - 3142 = w. What are the prime factors of h?
2, 131
Let z = 25 + 118. Suppose z = 2*n + 25. List the prime factors of n.
59
Let z(d) = -d**2 + 8*d - 5. Let f be z(4). Suppose 10*p + 70 = f*p. List the prime factors of p.
2, 5, 7
Suppose -28*t = -185 - 2027. Let v be ((-66)/(-4))/(6/8). Let g = t - v. What are the prime factors of g?
3, 19
Let b = 3925 + -151. List the prime factors of b.
2, 3, 17, 37
What are the prime factors of (-7)/21*15*(-88 - 1)?
5, 89
Suppose -34*g + 31*g + 6699 = 0. List the prime factors of g.
7, 11, 29
Let d = -74 + 77. Suppose 4 = 3*v - 2. Suppose -d*w - c = -60, 0 = -3*w + 2*w + v*c + 13. List the prime factors of w.
19
Let f be (-4)/2 - (3 + -2). Let z be (f/9)/((-3)/36). Suppose 2*m = z*m - 20. What are the prime factors of m?
2, 5
List the prime factors of 3560/12*((-54)/15)/(-3).
2, 89
Let t(d) = 390*d + 20. List the prime factors of t(1).
2, 5, 41
Suppose 2*c - 50 = 3*k - k, -3*c - 3*k = -87. Let z = c - 5. List the prime factors of z.
2, 11
Let l(d) = -9*d - 9. Let g be -3 + (2 - 4) - (0 + 0). What are the prime factors of l(g)?
2, 3
List the prime factors of (-2)/(-10) + 47106/45.
3, 349
Suppose 55 = 4*g - 3*i, 5*g - 58 = -2*i + 28. Let c(a) = a**2 - 10*a - 2. List the prime factors of c(g).
2, 47
List the prime factors of 2/(13536/(-4518) + 3 + 0).
2, 251
Let p(z) = -z**2 + 4 + 2*z**2 - 9 + 0*z + z. Suppose -1 = 2*r + 3*x, 4*x = -r + 2*r - 16. What are the prime factors of p(r)?
3, 5
Let z = -7 - -9. Suppose -t - 2 = -z*y, 2*t - 12 = -5*y + t. List the prime factors of y.
2
Let s(t) = -734*t**2 - 5*t - 9. Let d be s(-2). List the prime factors of 1 + (-6)/8 + d/(-20).
3, 7
Let s = 4098 + -2242. What are the prime factors of s?
2, 29
Suppose 3 = m, 4*u + 5*m + 5 + 0 = 0. List the prime factors of -415*1*2/u.
2, 83
Let w = 19 + -14. Suppose 2*x + w = -3*b, b = -4*x + 2 + 13. Suppose 0 = 2*u - x*f - 0*f - 41, 76 = 2*u + 2*f. List the prime factors of u.
3, 11
What are the prime factors of -12*11*65/(-15)?
2, 11, 13
Let p(i) = i**3 + i**2 + 2. Let o be p(0). Suppose j - 5*q - 42 = -j, -54 = -o*j + 2*q. Let m = j + -18. List the prime factors of m.
13
Let c(x) = 418*x + 39. What are the prime factors of c(2)?
5, 7
Let l = 372 - -135. Suppose s - 255 = -4*a, -4*a = 2*s + a - l. What are the prime factors of s?
251
Let o(d) be the first derivative of -8*d**3/3 - d**2 - d + 3. Let f be o(-1). Let r = 29 + f. List the prime factors of r.
2, 11
Suppose -4802 = -4*v + 3*v - 3*y, -3*v + 14399 = 2*y. List the prime factors of v.
4799
Suppose -1364 = 37*u - 41*u. What are the prime factors of u?
11, 31
Suppose 2*d = 4*o - 40, 4*o + d = 73 - 27. Let l = -9 + o. Suppose -4*i + 76 = 2*b - 24, i = l*b + 20. List the prime factors of i.
2, 3
What are the prime factors of (-2)/5 - ((-21753)/45 + -2)?
5, 97
Suppose -5 = 3*j - 95. Suppose 0 = -5*a - 4*m + 291, a + m - 29 - j = 0. What are the prime factors of a?
5, 11
Suppose -5*k - a = 105, 6*a - 8*a - 10 = 0. What are the prime factors of 66/(-12)*(4 + -2)*k?
2, 5, 11
Let n(i) = i**2 - 2*i + 1. Let k(y) = 2*y. Let b be k(-5). Let h = b - -7. List the prime factors of n(h).
2
Suppose 9285 - 949 = 4*q. List the prime factors of q.
2, 521
Let h(q) = -2*q**3 - q**2 - q. Let k be h(-1). Let w = 11 + -9. Suppose -w*p - k*p + 108 = 0. List the prime factors of p.
3
Let j(s) = 6*s**2 - 85*s - 44. What are the prime factors of j(-11)?
3, 7, 11
Let g = -461 + 681. Let j = g + 13. What are the prime factors of j?
233
Suppose -16*h + 31*h - 4365 = 0. List the prime factors of h.
3, 97
Let s(c) = 87*c - 2. List the prime factors of s(5).
433
Suppose g + 586 = 2*x, -2*x + 3*g + 574 = 5*g. What are the prime factors of x?
3, 97
List the prime factors of 60/(-14)*(7 + -14)*5.
2, 3, 5
Suppose -7*y + 10*y - z = 1168, -4*z = 5*y - 1958. List the prime factors of y.
2, 3, 5, 13
Let t(w) be the second derivative of -w**3/3 - w**2 + 5*w. Let p be t(-1). Suppose -z = -p*z - 6. List the prime factors of z.
2, 3
Let c(d) = 16*d + 6. Let t be c(-5). Let z be (-1)/((-10)/68)*-5. Let h = z - t. What are the prime factors of h?
2, 5
Suppose 86 = 6*a - 8*a. Let b = 111 + a. What are the prime factors of b?
2, 17
Let g be (30/6)/(0 + 1). Suppose -x - 3*v + 53 = -5*v, 0 = g*v + 20. What are the prime factors of x?
3, 5
Let s(a) = 36*a + 7 - 17*a - 17*a. Let j be s(-5). Let g(o) = 2*o**2 + 2*o - 1. List the prime factors of g(j).
11
Let w = 63 + -51. Suppose -13*x - w = -584. What are the prime factors of x?
2, 11
List the prime factors of 9/18 - ((-26255)/10 + 1).
3, 5, 7
Let o = 121 - 43. Suppose 0 = -q - 13 + o. List the prime factors of q.
5, 13
Suppose 5*w = -2*d + 6426, -4*d = 5*w + 4991 - 17863. List the prime factors of d.
11, 293
Let f = 123 + 243. What are the prime factors of f?
2, 3, 61
Let v = -54 + 56. Suppose 47 = -v*i + 157. List the prime factors of i.
5, 11
Suppose -l + r + 9 = -2*l, -l - 2*r = 13. List the prime factors of (-118)/(l - 6/(-2)).
59
Let k(v) = 83*v**2 + v + 2. Suppose 3*i - 2*q = -5*q - 18, -2*q = i + 11. List the prime factors of k(i).
2, 3, 7
Let c(s) = 3*s**2 + s - 9. List the prime factors of c(3).
3, 7
Let j be -1*10*(2 + 2). What are the prime factors of ((-420)/j)/((-2)/(-12))?
3, 7
Suppose 2*s + 2*x - 3*x = 45, s + 5 = -5*x. Let z(f) = f**2 - 21*f + 2. Let v be z(s). What are the prime factors of -4 + 12*v/(-4)?
2, 5
Let w(r) = -2*r + 16. Let s be w(8). Suppose s = -i + 60 + 7. What are the prime factors of i?
67
Let r be 0*(-5 + 3 - -3). Suppose -d + 4 = r, 0 = 3*a - 3*d - d - 26. Suppose -6 = y - a. List the prime factors of y.
2
Let y = -937 + 1664. List the prime factors of y.
727
Let b(u) = u**3 - 20*u**2 - 7*u - 7. List the prime factors of b(21).
7, 41
Let r(t) = -9*t + 2. Let x be r(-6). Suppose 0 = -2*u - 5*c + 13, -13*u = -14*u + 4*c + 26. Suppose u*o = 